{"id":96,"date":"2025-10-06T08:16:25","date_gmt":"2025-10-06T08:16:25","guid":{"rendered":"https:\/\/xn--totem-boisflotts-pqb.com\/?page_id=96"},"modified":"2025-10-06T15:10:26","modified_gmt":"2025-10-06T15:10:26","slug":"critiques","status":"publish","type":"page","link":"https:\/\/xn--totem-boisflotts-pqb.com\/?page_id=96","title":{"rendered":"Avis"},"content":{"rendered":"\n<p>Visite de l\u2019exposition-Priv\u00e9e de&nbsp; Tot\u2019Aim de ADB22&nbsp;<\/p>\n\n\n\n<p>\u00ab&nbsp;Mon premier r\u00e9flexe&nbsp; a consist\u00e9 \u00e0 garder les distances avec ces bois polychromes trop simples, trop enfantins et puis petit \u00e0 petit je suis prise par ces \u00ab&nbsp;cr\u00e9atures&nbsp;\u00bb qui semblent s\u2018animer, qui me paraissent famili\u00e8res. C\u2019est un processus curieux&nbsp; et je rejoins ADB 22 qui m\u2019avait invit\u00e9e&nbsp; \u00e0 faire connaissance avec&nbsp; la tribu de ses singuliers&nbsp; Tot&nbsp;\u2018Aim&nbsp;\u00bb<\/p>\n\n\n\n<p>B\u00e9ziers 08 ao\u00fbt 2022&nbsp;<\/p>\n\n\n\n<hr class=\"wp-block-separator has-alpha-channel-opacity\"\/>\n\n\n\n<p>Michelle LECAM&nbsp;<\/p>\n\n\n\n<p>Nationale7<\/p>\n\n\n\n<p>\u00ab&nbsp;Je n\u2019ai pas pu r\u00e9sister \u00e0 l\u2019appel de \u00ab&nbsp; Warrior&nbsp;\u00bb&nbsp; , au premier regard j\u2019ai \u00e9t\u00e9 attir\u00e9e par l\u2019explosion de couleurs&nbsp; puis les d\u00e9tails de ce Tot&nbsp;\u2018Aim&nbsp; m\u2019ont parl\u00e9e ,j\u2019y ai d\u00e9couvert des signaux, des signes qui semblaient \u00eatre&nbsp; extraits de ma vie. Chacune des pi\u00e8ces de cette exposition&nbsp; est originale et&nbsp; les bois flott\u00e9s&nbsp; qui sont \u00e0 la base de l\u2019inspiration d\u2019ADB 22&nbsp; se trouvent, en \u00e9vidence, ressuscit\u00e9s&nbsp;.Une belle exposition tr\u00e8s originale&nbsp;; Il para\u00eet que l\u2019on nomme&nbsp; ce type d\u2019expression artistique&nbsp; \u00ab&nbsp;l\u2019Art Modeste&nbsp;\u00bb la modestie c\u2019est celle de l\u2019artiste .Un grand MERCI&nbsp;\u00bb<\/p>\n\n\n\n<p>Paris&nbsp; 26 mai 2022<\/p>\n\n\n\n<p>Francesca CALDAS<\/p>\n\n\n\n<p>Auteure<\/p>\n\n\n\n<p>\u00ab&nbsp; Les Tot\u2019Aim de ADB 22, oh&nbsp;! Grand sachem&nbsp;! sont point\u00e9s vers le ciel , \u00e9vocateurs&nbsp; flamboyants, rayonnants, spectres color\u00e9s. &nbsp; lumineux .Ils \u00e9blouissent l\u2019atmosph\u00e8re&nbsp; en la p\u00e9n\u00e9trant d\u2019une \u00e9nergie tellurique r\u00e9confortante et apaisante. Ils sont beaux et protecteurs.<\/p>\n\n\n\n<p>Ils sont tout \u00e0 fait dans la lign\u00e9e, ils sont la descendance des totems&nbsp; sorte de divinit\u00e9s tut\u00e9laires , des&nbsp; esprits sup\u00e9rieurs qui&nbsp; rassuraient et prot\u00e9geaient le clan , la tribu.<\/p>\n\n\n\n<p>Depuis que&nbsp; le Tot\u2019Aim est chez moi&nbsp;, c\u2019est vrai que sa pr\u00e9sence me rassure.&nbsp;\u00bb<\/p>\n\n\n\n<p>Marseille 16 juin 2022<\/p>\n\n\n\n<p>Rodolphe BODIKIAN<\/p>\n\n\n\n<p>L\u2019eau \u00e0 la bouche<\/p>\n","protected":false},"excerpt":{"rendered":"<p>Visite de l\u2019exposition-Priv\u00e9e de&nbsp; Tot\u2019Aim de ADB22&nbsp; \u00ab&nbsp;Mon premier r\u00e9flexe&nbsp; a consist\u00e9 \u00e0 garder les distances avec ces bois polychromes trop simples, trop enfantins et puis petit \u00e0 petit je suis prise par ces&#46;&#46;&#46;<\/p>\n","protected":false},"author":2,"featured_media":0,"parent":0,"menu_order":0,"comment_status":"closed","ping_status":"closed","template":"","meta":{"footnotes":""},"class_list":["post-96","page","type-page","status-publish","hentry"],"_hostinger_reach_plugin_has_subscription_block":false,"_hostinger_reach_plugin_is_elementor":false,"jetpack_sharing_enabled":true,"_links":{"self":[{"href":"https:\/\/xn--totem-boisflotts-pqb.com\/index.php?rest_route=\/wp\/v2\/pages\/96","targetHints":{"allow":["GET"]}}],"collection":[{"href":"https:\/\/xn--totem-boisflotts-pqb.com\/index.php?rest_route=\/wp\/v2\/pages"}],"about":[{"href":"https:\/\/xn--totem-boisflotts-pqb.com\/index.php?rest_route=\/wp\/v2\/types\/page"}],"author":[{"embeddable":true,"href":"https:\/\/xn--totem-boisflotts-pqb.com\/index.php?rest_route=\/wp\/v2\/users\/2"}],"replies":[{"embeddable":true,"href":"https:\/\/xn--totem-boisflotts-pqb.com\/index.php?rest_route=%2Fwp%2Fv2%2Fcomments&post=96"}],"version-history":[{"count":2,"href":"https:\/\/xn--totem-boisflotts-pqb.com\/index.php?rest_route=\/wp\/v2\/pages\/96\/revisions"}],"predecessor-version":[{"id":133,"href":"https:\/\/xn--totem-boisflotts-pqb.com\/index.php?rest_route=\/wp\/v2\/pages\/96\/revisions\/133"}],"wp:attachment":[{"href":"https:\/\/xn--totem-boisflotts-pqb.com\/index.php?rest_route=%2Fwp%2Fv2%2Fmedia&parent=96"}],"curies":[{"name":"wp","href":"https:\/\/api.w.org\/{rel}","templated":true}]}}